)) composite?
True
Let m be (-1 + -3)/(4/(-142)). Suppose 0 = 62*d - 7*d - 220. Suppose -b - v - d*v + m = 0, -138 = -b - 4*v. Is b composite?
True
Let r(p) be the third derivative of -3*p**4/8 - 43*p**3/6 + 3*p**2. Is r(-18) composite?
True
Let d be ((-10)/(-25))/((-1)/(-1745)). Suppose -a - 9*r + 4*r + d = 0, -a + 5*r + 658 = 0. Suppose -a = -3*p - 45. Is p a composite number?
False
Let j = 96801 - 63578. Is j a composite number?
False
Is 7/(-14)*-1*3028 a composite number?
True
Suppose -2*y - 9*f = -4*f - 102614, 4*f = 5*y - 256601. Is y composite?
True
Let v = 33 - 7. Let z be 4/v - (-74)/26. Suppose -z = t - 34. Is t a composite number?
False
Let h be (-2)/(-2 + 180/91). Let k = -94 - -94. Suppose k = -2*n + h + 75. Is n a prime number?
True
Suppose -30756 = -x - 35*y + 34*y, 0 = 5*y + 5. Is x a composite number?
False
Let k = -2892 - -5978. Is k a composite number?
True
Let k be (-2 - -3)/(2/4). Suppose t + 2*b - 8 = -2*b, 0 = -3*t + 5*b - 10. Suppose t = h - k*z - 132, -3*h + 3*z + 387 = 6. Is h a composite number?
True
Let b(l) = 26*l**2 + 14*l + 37. Is b(-16) prime?
True
Let y(s) = -s**3 + s - 5. Let b be (0 - 1)*(0 - 0). Let i be y(b). Is (-73)/(-2) + i/(-10) composite?
False
Let w be 1 + 8/(-1 - 3). Is (0 - 1) + w/((-1)/5472) a prime number?
True
Let q = -11122 + 18065. Is q composite?
True
Let k be (-4)/12 + 52/12. Is 224497/117 - k/(-18) prime?
False
Let z(w) be the second derivative of 163*w**3/6 - 19*w**2/2 + 11*w. Is z(12) prime?
False
Suppose -4*z - 63 = 381. Let n be (18/27)/(1/z). Let h = n - -105. Is h composite?
False
Is (38/133)/(4/277774) prime?
True
Let q(r) be the first derivative of r**3/3 - 7*r**2/2 + 9*r - 9. Let x be q(12). Let i = 748 - x. Is i prime?
False
Let y = 26 - 22. Is ((-2098)/y)/((-6)/12) prime?
True
Let u(i) = i**3 + 5*i**2 - 8*i - 4. Let g be u(-6). Let f = g - 8. Suppose 5*d - 430 = 3*d + j, f = -2*j. Is d a composite number?
True
Let b(n) = 31*n**2 - 13*n + 57. Is b(20) a composite number?
False
Let d = -1255 - -305. Is 6/2 + (2 - d) composite?
True
Let n(h) = 3*h - 4. Let q be n(-5). Let p = 19 + q. Suppose 4*d - 71 - 77 = p. Is d a prime number?
True
Is ((-115110)/(-33) - -3) + 8/(-44) composite?
False
Let g(m) = -5951*m**3 - m**2 + m + 2. Is g(-1) a composite number?
True
Let o(q) = -q**2 + 15*q - 8. Let n be o(6). Suppose -82 = -y + 2*b, -2*y - 17*b + 16*b = -139. Let t = n + y. Is t composite?
True
Let v(u) = -40283*u + 61. Is v(-6) a prime number?
False
Suppose -4*c - 7 = 1. Is (c + -3)/(-5) - -54 a prime number?
False
Let w = 1 - -1. Suppose -6*i = -w*i - 2524. Is i prime?
True
Let v(i) = -i + 17. Let h be v(11). Is (-6)/4*((-5120)/h + 2) prime?
True
Let a(t) = 13*t + 22. Let d(s) = -7*s - 11. Let y(q) = -3*a(q) - 7*d(q). Is y(6) prime?
True
Let r = 13270 - -73. Is r composite?
True
Let g(q) = -517*q + 6. Is g(-1) a composite number?
False
Is 2/(-3) + (-2)/((-6)/99863) prime?
True
Let k = -110394 + 175573. Is k composite?
False
Suppose 4*l + 4 = -5*k - 1, -3*k + 5 = 4*l. Let z be (-20)/(k/(17900/8)). Is z/22 + 18/99 a composite number?
True
Let m = 14 - 4. Suppose 5*x + m = 0, -x - x + 16 = 4*b. Suppose -q + b*d - 1262 = -3*q, 4*q - 5*d = 2584. Is q a composite number?
False
Let h be (-29)/(-9) - 30/135. Suppose -2*k - 3*n + 46 = 1151, -h*n - 3 = 0. Let y = 882 + k. Is y a composite number?
False
Suppose -l - 3*l + 18 = 2*r, -12 = -3*r - l. Let q be ((-13972)/42)/((-1)/r). Let y = q + -595. Is y composite?
True
Suppose -x + j + 1 = 17, 8 = -x + 3*j. Is (x/40)/((-1)/452) a composite number?
True
Is 6*(-97623)/(-27)*1 prime?
False
Let w(j) = -31*j**3 - 6*j**2 + 2*j + 1. Is w(-6) prime?
True
Suppose 287830 = 10*w - 4*w - 4*c, -c + 95948 = 2*w. Is w a composite number?
True
Suppose -5*i - 8 = -5*z - 73, -5*z - 25 = 3*i. Let u(p) = p**2 + 8*p + 7. Let o be u(z). Let t = o + 70. Is t a prime number?
False
Let l = -22 - -22. Let r(o) = o**2 + o - 1. Let w be r(l). Let v(f) = -398*f**3 - 1. Is v(w) composite?
False
Let y(w) = w**3 - 7*w**2 - w + 10. Let r be y(7). Suppose l = r*l - 106. Is l a prime number?
True
Suppose -3*f - 9*a + 5*a + 121381 = 0, 5*a + 121372 = 3*f. Is f composite?
False
Let y = -38700 + 59177. Is y a prime number?
True
Let j(v) = -v**2 - 33*v - 37. Is j(-8) a composite number?
False
Let d(j) = 2*j**2 - 18*j + 179. Is d(14) a composite number?
True
Suppose -542 = -19*r + 18*r. Suppose 6*x + r = 4220. Is x a composite number?
False
Let o = 21 - 18. Suppose o*j = 2*j + 2. Suppose 0 = -j*w + 28 + 642. Is w a prime number?
False
Let r = 33012 + -20401. Is r a composite number?
False
Suppose 3*x = 5*z + 5791 + 37311, 0 = 5*x + 4*z - 71849. Is x prime?
True
Let n = -53 - -83. Suppose -6*g + n = -g. Let t(z) = 12*z**2 + 5*z + 5. Is t(g) composite?
False
Suppose -d + 396 = -0*d. Suppose -2*l = 13 - 5, 0 = 5*a - 2*l + 657. Let t = a + d. Is t composite?
False
Let g(b) be the third derivative of -5*b**4/6 - 11*b**3/6 - b**2 + 28. Suppose -p - 12 = -1. Is g(p) composite?
True
Let p(b) = 571*b - 1. Suppose 0 = u - 5*u - 4. Let h be p(u). Let f = -403 - h. Is f a prime number?
False
Suppose 0 = -33*j + 35*j + 3*l - 61154, 3*j - 5*l - 91731 = 0. Is j a composite number?
False
Suppose 0 = 4*d + 4, -11 = -4*p - 4*d + 21. Suppose -3*k + 0*k = -p. Is ((-2)/4)/(k/(-498)) composite?
False
Let v(f) = -3*f**2 - 8*f + 13. Let r be v(8). Let j = r + 574. Is j prime?
True
Let k(q) = 63*q - 6. Let j(f) = 251*f - 25. Let b(d) = -2*j(d) + 9*k(d). Let z be b(4). Let h = -95 + z. Is h composite?
True
Let k be (-20)/30 + (-4)/(-6). Suppose -2*p = -4*c - 48, -c - 2 + 0 = k. Is 12/p - (-2888)/20 a prime number?
False
Let c(u) = 7665*u - 29. Is c(4) prime?
True
Let d(n) = 3*n**2 - 15*n - 4. Let i(f) = -7*f**2 + 29*f + 7. Let z(k) = -5*d(k) - 3*i(k). Let s = 3 + -10. Is z(s) a prime number?
False
Let a be 4 - (-4 + 5)*-2. Is 696 + 15*2/a composite?
False
Let b(q) = 8*q**2 - 11*q - 41. Is b(20) a prime number?
True
Let p(n) = -8*n**2 - 2 + 17*n**2 - 2 + 2*n + 3. Let j be p(-5). Suppose 254 - 60 = 2*m - 3*g, -2*g = 2*m - j. Is m composite?
False
Let a = 148966 + -92885. Is a a composite number?
False
Suppose -n = 3*v - 12, -3*v + 5*n = 3 - 15. Is (-2)/((-4)/(-3)) - (-7698)/v a prime number?
False
Let h(l) be the first derivative of -57*l**4/2 - 2*l**3/3 + l - 39. Let r = -3 - -2. Is h(r) a prime number?
True
Let v be ((-5170)/33)/(4/(-6)). Let d = 174 + v. Suppose -5*q = -d - 4516. Is q composite?
True
Suppose -4*k + 21196 = 4*y, -30424 = -4*y + 3*k - 9242. Is y a composite number?
False
Let u(r) = -r + 2. Let c(l) = -l - 4. Let w be c(-6). Let i be u(w). Suppose -5*f - 4*g + 235 = i, 21 = -2*f - 2*g + 115. Is f composite?
False
Let i = 3552 + -1757. Is i composite?
True
Let s = -44 + 46. Suppose q - s*q = -95. Is q a prime number?
False
Let k(n) = -1 + 4*n**2 - n**2 + 0*n**2 - 2*n**3 + 2*n. Let a = 94 - 97. Is k(a) a prime number?
False
Suppose -10*r = -5*r. Suppose 0 = -k - 3*h - 6, r = -2*k + 3*k + 5*h + 6. Is ((-28)/k)/((-8)/(-12)) a composite number?
False
Let t be 6/2 - 0/(-4). Suppose t*s - 19 = p + 3*p, -3*p - 3*s = -12. Let y(d) = -410*d**3 + d**2 - d - 1. Is y(p) prime?
False
Is 3/3*(-14 + (14 - -35933)) composite?
False
Suppose -5 - 5 = 2*x. Let j be 4*((-885)/6)/x. Suppose 3*g - 104 - j = 0. Is g prime?
False
Let p(n) = n**2 + 10*n + 13. Let c be (8/20)/((-1)/30). Is p(c) a prime number?
True
Let m be 72/7 + (-4)/14. Let q(s) = 2*s**3 + 4*s - s + m*s**2 + 1 - 3*s**3 + 2*s**3. Is q(-7) a composite number?
False
Let f(b) be the third derivative of b**5/15 - 5*b**4/24 + 5*b**3/6 - 2*b**2. Let y be f(-13). Suppose 5*q = y - 36. Is q prime?
False
Let c be ((-4)/7)/((-2)/7). Suppose c = 3*g - 1. Is ((-60)/8)/(g/(-2)) prime?
False
Let l(r) = 502*r**2 + r + 4. Let k be l(-2). Suppose 0 = 7*z - k - 1777. Is z a composite number?
False
Suppose 20 = 3*z - z + 5*c, -2*z + 4*c + 2 = 0. Suppose 2*h = 7*h - 5*a - 20, 23 = z*h - 2*a. Suppose 3*t - 1021 = -t + h*o, -4*t = -2*o - 1030. Is t prime?
False
Suppose 3*a - 2*i = 3*i + 2372, -3*a + 2*i = -2378. Is a prime?
False
Let r be 153/4 - (-11)/(-44). Let j = r - 34. Is (-9)/6 - (-962)/j composite?
False
Let g(c) be the first derivative of c**2/2 - 3*c - 3. Let d be g(8). Suppose -4*a + 41 = a + 2*i, d*a + i - 38 = 0. Is a a prime number?
True
Suppose -7*g - 5454 = -2